tor of 52110 and 2052.
54
What is the highest common divisor of 5537 and 14161?
49
What is the highest common divisor of 42333 and 2781?
309
What is the greatest common divisor of 1559060 and 7966?
1138
Calculate the greatest common divisor of 1271 and 28987.
41
What is the highest common divisor of 23 and 10196?
1
Calculate the greatest common factor of 798 and 4137.
21
Calculate the greatest common factor of 119 and 106403.
17
What is the highest common divisor of 46665 and 68?
17
What is the greatest common divisor of 228278 and 157?
157
Calculate the highest common factor of 2 and 3544.
2
What is the greatest common factor of 1158 and 30?
6
Calculate the greatest common factor of 929648 and 1067.
97
What is the highest common divisor of 48 and 940164?
12
What is the greatest common divisor of 205020 and 100?
20
Calculate the greatest common factor of 896406 and 686.
98
Calculate the greatest common factor of 1067 and 693.
11
Calculate the greatest common factor of 126708 and 96.
12
What is the highest common factor of 72344 and 4?
4
Calculate the greatest common factor of 71997 and 206.
103
What is the greatest common factor of 416 and 728?
104
What is the highest common divisor of 1078 and 12642?
98
What is the highest common factor of 5427 and 1943?
67
Calculate the greatest common factor of 155660 and 93740.
860
What is the greatest common factor of 1608 and 11196?
12
Calculate the highest common divisor of 12 and 1346556.
12
What is the highest common divisor of 15408 and 240?
48
What is the greatest common divisor of 1736 and 1708?
28
Calculate the highest common factor of 504 and 88760.
56
What is the greatest common factor of 12988 and 153?
17
Calculate the greatest common factor of 229332 and 3828.
348
What is the highest common divisor of 174770 and 60?
10
Calculate the highest common divisor of 87950 and 650.
50
Calculate the highest common divisor of 109720 and 10400.
520
Calculate the greatest common divisor of 16378 and 3382.
38
Calculate the greatest common divisor of 2190 and 15549.
219
Calculate the greatest common divisor of 202536 and 96.
24
What is the greatest common factor of 278 and 134969?
139
What is the greatest common divisor of 147810 and 330?
30
What is the highest common factor of 15857 and 2826?
157
Calculate the greatest common factor of 175 and 142325.
25
What is the greatest common factor of 3256 and 3608?
88
What is the highest common divisor of 8565 and 243?
3
What is the greatest common factor of 975185 and 1675?
335
What is the greatest common divisor of 34782 and 124?
62
What is the greatest common factor of 62 and 13857?
31
Calculate the greatest common factor of 54 and 658638.
54
Calculate the greatest common factor of 3197 and 138305.
139
What is the greatest common divisor of 5825 and 466?
233
What is the highest common factor of 1227 and 39?
3
What is the greatest common divisor of 1667772 and 72?
36
What is the greatest common divisor of 2396 and 2136034?
1198
What is the highest common factor of 283912 and 184?
184
What is the greatest common divisor of 605467 and 2225?
89
What is the greatest common divisor of 13747 and 118?
59
Calculate the greatest common divisor of 28766 and 266.
38
What is the greatest common divisor of 13 and 799552?
13
What is the greatest common divisor of 1353 and 4235?
11
Calculate the highest common divisor of 40 and 30735.
5
What is the highest common factor of 4212 and 6448?
52
Calculate the greatest common divisor of 1093 and 28.
1
Calculate the greatest common divisor of 4806 and 2848.
178
What is the highest common factor of 28 and 2296?
28
Calculate the highest common divisor of 4046 and 13818.
14
Calculate the greatest common divisor of 31590 and 48087.
351
Calculate the highest common factor of 14760 and 108.
36
What is the greatest common divisor of 62519 and 619?
619
Calculate the greatest common factor of 197901 and 207.
9
Calculate the greatest common divisor of 24466 and 26.
26
Calculate the greatest common factor of 1406447 and 49.
49
Calculate the highest common factor of 76 and 5866516.
76
What is the highest common factor of 1216 and 4636?
76
What is the highest common factor of 87 and 45750?
3
Calculate the highest common factor of 4414695 and 15.
15
What is the highest common factor of 323043 and 1113?
21
What is the highest common divisor of 140 and 65485?
35
Calculate the highest common divisor of 6472 and 20.
4
What is the greatest common divisor of 861 and 6396?
123
Calculate the greatest common factor of 27104 and 84.
28
What is the highest common divisor of 102 and 35734?
34
Calculate the highest common divisor of 269884 and 327.
109
Calculate the highest common factor of 28 and 1848028.
28
Calculate the greatest common divisor of 1043 and 1442.
7
What is the highest common divisor of 347 and 210629?
347
What is the highest common factor of 786 and 662336?
262
Calculate the highest common divisor of 8 and 8011896.
8
What is the highest common factor of 17679 and 142?
71
What is the highest common factor of 30 and 4962?
6
Calculate the highest common factor of 900415 and 1111.
101
What is the greatest common divisor of 479085 and 57?
57
Calculate the highest common divisor of 41128 and 2756.
212
Calculate the greatest common divisor of 351 and 728.
13
What is the greatest common divisor of 846744 and 12?
12
Calculate the highest common divisor of 3477 and 8531.
19
Calculate the highest common factor of 231 and 155694.
231
Calculate the greatest common divisor of 2835 and 6561.
81
What is the greatest common factor of 25912 and 163688?
632
What is the highest common divisor of 837 and 11799?
27
What is the highest common factor of 972 and 69417?
81
Calculate the highest common divisor of 99 and 558723.
33
What is the highest common factor of 34532 and 1164?
388
What is the highest common divisor of 128 and 24288?
32
Calculate the greatest common factor of 149 and 64517.
149
What is the highest common factor of 233 and 1245851?
233
What is the highest common factor of 65469 and 37994?
157
What is the highest common divisor of 121 and 6754?
11
What is the highest common divisor of 13 and 263237?
13
Calculate the greatest common divisor of 116801 and 12737.
271
Calculate the highest common divisor of 40 and 142668.
4
What is the highest common divisor of 432 and 81?
27
What is the highest common factor of 87 and 9561?
3
Calculate the greatest common divisor of 32 and 51484.
4
Calculate the highest common divisor of 738 and 93.
3
What is the greatest common divisor of 592 and 3589?
37
Calculate the highest common factor of 4452 and 100806.
318
Calculate the greatest common factor of 557368 and 807.
269
What is the greatest common divisor of 29 and 386773?
29
What is the highest common factor of 34 and 5703466?
34
What is the greatest common divisor of 11172 and 117012?
588
What is the greatest common factor of 8418 and 138?
138
What is the highest common divisor of 43150 and 1850?
50
Calculate the highest common divisor of 3263 and 51204.
251
Calculate the highest common divisor of 2365 and 23540.
55
Calculate the highest common factor of 15 and 2395.
5
Calculate the highest common divisor of 1071 and 603.
9
Calculate the greatest common factor of 440 and 6440.
40
What is the highest common divisor of 566 and 50940?
566
What is the highest common factor of 29204 and 2235?
149
Calculate the highest common divisor of 191 and 15471.
191
What is the highest common factor of 450580 and 20?
20
What is the highest common divisor of 120 and 165720?
120
Calculate the highest common divisor of 100640 and 12.
4
Calculate the greatest common factor of 21 and 174657.
21
Calculate the highest common factor of 50 and 180595.
5
Calculate the highest common factor of 113702 and 556.
278
What is the greatest common divisor of 361231 and 12016?
751
What is the greatest common divisor of 15597 and 117?
9
Calculate the highest common divisor of 1900 and 14345.
95
Calculate the highest common factor of 2859 and 39.
3
Calculate the greatest common divisor of 184 and 13961.
23
What is the greatest common divisor of 16060 and 5412?
44
What is the highest common factor of 4593921 and 423?
141
Calculate the highest common divisor of 10242 and 4068.
18
What is the highest